{"id":191,"date":"2017-11-01T10:23:29","date_gmt":"2017-11-01T10:23:29","guid":{"rendered":"http:\/\/lob-muss-weg.de\/?page_id=191"},"modified":"2020-09-15T09:50:50","modified_gmt":"2020-09-15T09:50:50","slug":"link-tipps","status":"publish","type":"page","link":"https:\/\/gew-unterfranken.de\/?page_id=191","title":{"rendered":"Link-Tipps"},"content":{"rendered":"<ul>\n<li><a href=\"https:\/\/www.gew-bayern.de\" target=\"_blank\" rel=\"noopener noreferrer\"><strong>GEW Bayern<\/strong><\/a><br \/>\nDie Seiten unseres Landesverbandes<\/li>\n<li><a href=\"https:\/\/www.gew.de\" target=\"_blank\" rel=\"noopener noreferrer\"><strong>GEW Bund<\/strong><\/a><br \/>\nDie Seiten der GEW Deutschland<\/li>\n<li><a href=\"https:\/\/www.gew-oberfranken.de\/tats%C3%A4chlich\/\" target=\"_blank\" rel=\"noopener noreferrer\"><strong>Tats\u00e4chlich?<\/strong><\/a><br \/>\nNachfragen auf den Seiten der GEW Oberfranken<\/li>\n<li><a href=\"https:\/\/www.gew.de\/weiter-denken\/\" target=\"_blank\" rel=\"noopener noreferrer\"><strong>Initiative &#8222;Bildung. Weiter denken!&#8220;<\/strong><\/a><br \/>\n\u201eBildung. Weiter denken!\u201c ist eine Initiative der GEW f\u00fcr bessere Lern- und Arbeitsbedingungen sowie mehr Geld f\u00fcr Bildung. Die GEW zeigt nicht nur, was sie unter guter Bildung versteht, sondern auch wie sich zus\u00e4tzliche Investitionen in Bildung finanzieren lassen. Denn nach wie vor gilt der Satz John F. Kennedys: \u201eEs gibt nur eins, was auf Dauer teurer ist als Bildung \u2013 keine Bildung.\u201c<\/li>\n<li><a href=\"https:\/\/www.gew.de\/internationales\/fair-childhood\/\" target=\"_blank\" rel=\"noopener noreferrer\"><strong>fair childhood<\/strong><\/a><br \/>\nDie Initiative &#8222;fair childhood \u2013 GEW-Stiftung Bildung statt Kinderarbeit&#8220; will dazu beitragen, dem Verbot der Kinderarbeit Geltung zu verschaffen und das Recht aller Kinder auf Bildung zu verwirklichen. Mit Hilfe der Stiftung sollen Projekte in die Praxis umgesetzt werden, die Kindern statt Arbeit den Schulbesuch erm\u00f6glichen.<\/li>\n<li><a href=\"http:\/\/unterfranken.dgb.de\/\" target=\"_blank\" rel=\"noopener noreferrer\"><strong>DGB Unterfranken<\/strong><\/a><br \/>\nDie Seiten der DGB-Region Unterfranken<\/li>\n<\/ul>\n","protected":false},"excerpt":{"rendered":"<p>GEW Bayern Die Seiten unseres Landesverbandes GEW Bund Die Seiten der GEW Deutschland Tats\u00e4chlich? Nachfragen auf den Seiten der GEW Oberfranken Initiative &#8222;Bildung. Weiter denken!&#8220; \u201eBildung. Weiter denken!\u201c ist eine Initiative der GEW f\u00fcr bessere Lern- und Arbeitsbedingungen sowie mehr Geld f\u00fcr Bildung. Die GEW zeigt nicht nur, was sie unter guter Bildung versteht, sondern<\/p><\/div>\n<div class=\"blog-btn\"><a href=\"https:\/\/gew-unterfranken.de\/?page_id=191\" class=\"home-blog-btn\">Weiterlesen<\/a><\/p>\n","protected":false},"author":2,"featured_media":0,"parent":0,"menu_order":0,"comment_status":"closed","ping_status":"closed","template":"","meta":[],"_links":{"self":[{"href":"https:\/\/gew-unterfranken.de\/index.php?rest_route=\/wp\/v2\/pages\/191"}],"collection":[{"href":"https:\/\/gew-unterfranken.de\/index.php?rest_route=\/wp\/v2\/pages"}],"about":[{"href":"https:\/\/gew-unterfranken.de\/index.php?rest_route=\/wp\/v2\/types\/page"}],"author":[{"embeddable":true,"href":"https:\/\/gew-unterfranken.de\/index.php?rest_route=\/wp\/v2\/users\/2"}],"replies":[{"embeddable":true,"href":"https:\/\/gew-unterfranken.de\/index.php?rest_route=%2Fwp%2Fv2%2Fcomments&post=191"}],"version-history":[{"count":5,"href":"https:\/\/gew-unterfranken.de\/index.php?rest_route=\/wp\/v2\/pages\/191\/revisions"}],"predecessor-version":[{"id":17387,"href":"https:\/\/gew-unterfranken.de\/index.php?rest_route=\/wp\/v2\/pages\/191\/revisions\/17387"}],"wp:attachment":[{"href":"https:\/\/gew-unterfranken.de\/index.php?rest_route=%2Fwp%2Fv2%2Fmedia&parent=191"}],"curies":[{"name":"wp","href":"https:\/\/api.w.org\/{rel}","templated":true}]}}

<ul>
<li><a href="https://www.gew-bayern.de" target="_blank" rel="noopener noreferrer"><strong>GEW Bayern</strong></a><br />
Die Seiten unseres Landesverbandes</li>
<li><a href="https://www.gew.de" target="_blank" rel="noopener noreferrer"><strong>GEW Bund</strong></a><br />
Die Seiten der GEW Deutschland</li>
<li><a href="https://www.gew-oberfranken.de/tats%C3%A4chlich/" target="_blank" rel="noopener noreferrer"><strong>Tatsächlich?</strong></a><br />
Nachfragen auf den Seiten der GEW Oberfranken</li>
<li><a href="https://www.gew.de/weiter-denken/" target="_blank" rel="noopener noreferrer"><strong>Initiative &#8222;Bildung. Weiter denken!&#8220;</strong></a><br />
„Bildung. Weiter denken!“ ist eine Initiative der GEW für bessere Lern- und Arbeitsbedingungen sowie mehr Geld für Bildung. Die GEW zeigt nicht nur, was sie unter guter Bildung versteht, sondern auch wie sich zusätzliche Investitionen in Bildung finanzieren lassen. Denn nach wie vor gilt der Satz John F. Kennedys: „Es gibt nur eins, was auf Dauer teurer ist als Bildung – keine Bildung.“</li>
<li><a href="https://www.gew.de/internationales/fair-childhood/" target="_blank" rel="noopener noreferrer"><strong>fair childhood</strong></a><br />
Die Initiative &#8222;fair childhood – GEW-Stiftung Bildung statt Kinderarbeit&#8220; will dazu beitragen, dem Verbot der Kinderarbeit Geltung zu verschaffen und das Recht aller Kinder auf Bildung zu verwirklichen. Mit Hilfe der Stiftung sollen Projekte in die Praxis umgesetzt werden, die Kindern statt Arbeit den Schulbesuch ermöglichen.</li>
<li><a href="http://unterfranken.dgb.de/" target="_blank" rel="noopener noreferrer"><strong>DGB Unterfranken</strong></a><br />
Die Seiten der DGB-Region Unterfranken</li>
</ul>

<p>GEW Bayern Die Seiten unseres Landesverbandes GEW Bund Die Seiten der GEW Deutschland Tatsächlich? Nachfragen auf den Seiten der GEW Oberfranken Initiative &#8222;Bildung. Weiter denken!&#8220; „Bildung. Weiter denken!“ ist eine Initiative der GEW für bessere Lern- und Arbeitsbedingungen sowie mehr Geld für Bildung. Die GEW zeigt nicht nur, was sie unter guter Bildung versteht, sondern</p></div>
<div class="blog-btn"><a href="https://gew-unterfranken.de/?page_id=191" class="home-blog-btn">Weiterlesen</a></p>
