{"id":161,"date":"2017-10-30T11:24:02","date_gmt":"2017-10-30T11:24:02","guid":{"rendered":"http:\/\/lob-muss-weg.de\/?page_id=161"},"modified":"2023-04-04T13:00:09","modified_gmt":"2023-04-04T13:00:09","slug":"ansprechpartnerinnen","status":"publish","type":"page","link":"https:\/\/gew-unterfranken.de\/?page_id=161","title":{"rendered":"Ansprechpartner"},"content":{"rendered":"<map name=\"FPMap0\">\n<area coords=\"8, 188, 152, 486\" shape=\"rect\" href=\"#AB-MIL\" target=\"_top\" \/>\n<area coords=\"151, 188, 271, 434\" shape=\"rect\" href=\"#MSP\" target=\"_top\" \/>\n<area coords=\"273, 265, 351, 525\" shape=\"rect\" href=\"#WUE\" target=\"_top\" \/>\n<area coords=\"353, 301, 461, 473\" shape=\"rect\" href=\"#WUE\" target=\"_top\" \/>\n<area coords=\"174, 1, 471, 188\" shape=\"rect\" href=\"#SW\" target=\"_top\" \/>\n<area coords=\"273, 189, 599, 264\" shape=\"rect\" href=\"#SW\" target=\"_top\" \/>\n<area coords=\"352, 265, 568, 300\" shape=\"rect\" href=\"#SW\" target=\"_top\" \/>\n<area coords=\"471, 88, 577, 188\" shape=\"rect\" href=\"#SW\" target=\"_top\" \/>\n<area coords=\"463, 300, 573, 351\" shape=\"rect\" href=\"#SW\" target=\"_top\" \/>\n <\/map>\n<p><img loading=\"lazy\" src=\"images\/ufrgew.jpg\" usemap=\"#FPMap0\" width=\"600\" height=\"526\" border=\"0\" \/><br \/>\n<a href=\"#UFR\">Bezirk Ufr<\/a>|<a href=\"#AB-MIL\">Aschaffenburg-Miltenberg<\/a>|<a href=\"#MSP\">Main-Spessart<\/a>|<a href=\"#SW\">Schweinfurt\/Rh\u00f6n-Grabfeld<\/a>|<a href=\"#WUE\">W\u00fcrzburg<\/a><\/p>\n<h4><a name=\"UFR\"><\/a>Bezirk Unterfranken<\/h4>\n<ul>\n<li><b>Vorsitzende: <\/b>Monika Hartl, Aschaffenburg, <a href=\"&#109;&#x61;&#x69;l&#116;&#x6f;:&#109;&#x6f;&#x6e;&#105;&#x6b;&#x61;&#046;&#104;&#x61;r&#116;&#x6c;&#x40;&#103;&#x65;&#x77;&#046;&#098;&#x61;y&#101;&#x72;&#x6e;\">&#69;&#x2d;M&#x61;&#x69;&#108;&#x20;<\/a><\/li>\n<li><b>Gesch\u00e4ftsf\u00fchrung: <\/b>&#8211; komm. J\u00f6rg Nellen, W\u00fcrzburg, 0931 29194129. <a href=\"&#109;&#x61;i&#108;&#x74;o&#058;&#x6a;o&#101;&#x72;g&#046;&#x6e;e&#108;&#x6c;e&#110;&#x40;g&#101;&#x77;-&#117;&#x6e;t&#101;&#x72;f&#114;&#x61;n&#x6b;&#x65;n&#x2e;&#x64;&#101;\">&#69;&#x2d;&#77;&#x61;i&#x6c; <\/a><\/li>\n<li>Kasse: Oliver Glockmann, <a href=\"&#x6d;&#097;i&#x6c;&#116;&#111;&#x3a;&#x6f;&#108;i&#x76;&#101;r&#x2e;&#x67;&#108;o&#x63;&#107;m&#x61;&#x6e;&#110;&#064;&#x74;&#045;o&#x6e;&#x6c;&#105;n&#x65;&#046;d&#x65;\">E&#45;&#x4d;&#x61;i&#108;&#x20;<\/a><\/li>\n<li>Kassenpr\u00fcfer: Edgar G\u00fcnther<\/li>\n<li>\u00d6ffentlichkeitsarbeit:<br \/>\nAnsprechpartner &#8211;&gt; J\u00f6rg Nellen, W\u00fcrzburg, 0931 29194129, <a href=\"&#x6d;&#x61;&#105;&#108;to&#x3a;&#x70;&#x72;&#101;ss&#x65;&#x40;&#x67;&#101;&#119;-&#x75;&#x6e;&#x74;&#101;&#114;f&#x72;&#x61;&#x6e;&#107;&#101;n&#046;&#x64;&#x65;\">E-Mail<\/a><\/li>\n<li>Referat Interkulturelle Bildung: Henning Albrecht, <a href=\"&#x6d;&#097;&#x69;&#x6c;&#116;&#x6f;&#x3a;&#104;&#x65;&#x6e;&#110;&#x69;&#x6e;g&#x2e;&#x61;l&#x62;&#114;e&#x63;&#104;t&#x40;&#097;l&#x62;&#097;s&#x2e;&#100;e\">&#x45;&#x2d;&#x4d;&#x61;&#x69;&#x6c;<\/a><\/li>\n<li>FG Grund- u. Mittelschulen: Angela Berndt, <a href=\"mailto&#058;&#097;&#110;&#103;&#101;&#108;&#097;&#x2e;&#x62;&#x65;&#x72;&#x6e;&#x64;&#x74;&#x40;&#x67;&#x6d;&#x78;&#x2e;de\">E&#45;&#x4d;&#x61;i&#108;<\/a><\/li>\n<li>FG F\u00f6rderschulen: Monika Hartl, <a href=\"&#x6d;&#097;i&#x6c;&#x74;&#111;:&#x6d;&#x6f;&#110;i&#x6b;&#097;&#046;&#x68;&#x61;&#114;t&#x6c;&#x40;&#103;e&#x77;&#046;&#098;&#x61;&#x79;&#101;r&#x6e;\">&#69;&#x2d;&#77;&#x61;&#105;&#x6c;&#32;<\/a><\/li>\n<li>FG Hochschule und Forschung: Benedikt Seger, <a href=\"&#x6d;a&#x69;&#108;&#x74;&#111;&#x3a;&#x62;e&#x6e;&#101;&#x64;&#105;&#x6b;&#116;&#046;&#x73;&#101;&#x67;&#101;&#x72;&#064;u&#x6e;&#105;&#x2d;&#119;&#x75;&#101;r&#x7a;b&#x75;&#114;&#x67;&#046;d&#x65;\">&#x45;-&#x4d;&#97;&#x69;&#108;<\/a><\/li>\n<li>FG Sozialp\u00e4dagogische Berufe: Michael Schindler, <a href=\"&#109;&#x61;&#105;&#x6c;t&#x6f;:&#109;&#x69;&#099;&#x68;a&#x65;l&#046;&#x73;&#099;&#x68;i&#x6e;d&#108;&#x65;&#114;&#x40;k&#x69;g&#097;&#x2d;&#115;&#x74;-&#x6a;o&#104;&#x61;&#110;&#x6e;e&#x73;-&#107;&#x69;&#116;&#x7a;i&#x6e;g&#101;&#x6e;&#046;&#x64;e\">&#x45;&#x2d;&#x4d;&#x61;&#x69;&#x6c;<\/a><\/li>\n<li>FG Erwachsenenbildung: Maria Ring (Schwerpunkt BaMF- Kurse, DaF- und BVI- Kurse \/ VHS + freie Tr\u00e4ger), <a href=\"&#109;&#x61;i&#108;&#x74;o&#058;&#x72;i&#x6e;&#x67;&#046;&#x6d;a&#114;&#x69;a&#064;&#x70;o&#x73;&#x74;&#101;&#x6f;&#x2e;&#100;&#x65;\">&#x45;-&#x4d;a&#x69;&#108;<\/a><\/li>\n<li>FG Digitalisierung: Sigrid Schwab, <a href=\"m&#097;&#105;&#108;&#x74;&#x6f;&#x3a;si&#103;&#050;&#x30;&#x32;&#x32;&#x40;si&#103;&#114;&#x69;&#x64;&#x73;&#x63;h&#119;&#097;&#098;&#x2e;&#x64;&#x65;\">&#69;-&#77;a&#105;l<\/a><\/li>\n<\/ul>\n<h4><a name=\"AB-MIL\"><\/a>Kreis Aschaffenburg-Miltenberg<\/h4>\n<ul>\n<li>Monika Hartl, <a href=\"&#x6d;a&#x69;&#108;t&#x6f;&#058;&#x6d;&#x6f;n&#x69;&#107;a&#x2e;&#104;&#x61;&#114;t&#x6c;&#064;g&#x65;&#119;&#x2e;&#098;a&#x79;&#101;&#x72;&#x6e;\">&#69;&#45;&#x4d;a&#105;&#x6c;<\/a><\/li>\n<\/ul>\n<h4><a name=\"MSP\"><\/a>Kreis Main-Spessart<\/h4>\n<ul>\n<li>Wolfgang Tr\u00f6ster, 09353 5080242,\u00a0<a href=\"m&#097;&#x69;&#x6c;&#x74;o&#058;&#119;&#x2e;&#x74;r&#111;&#101;&#x73;&#x74;er&#064;&#x77;&#x65;&#x62;&#046;&#100;&#x65;\">&#x45;&#45;M&#x61;&#105;l&#x20;<\/a><\/li>\n<\/ul>\n<h4><a name=\"SW\"><\/a>Kreis Schweinfurt\/Rh\u00f6n-Grabfeld<\/h4>\n<ul>\n<li>Karl-Heinz Geu\u00df, 09721 186936, <a href=\"&#x6d;&#x61;&#105;l&#x74;&#x6f;&#058;&#099;h&#x61;&#x72;&#108;&#105;e&#x40;&#x67;&#101;w-&#x75;&#x6e;&#116;e&#x72;&#x66;&#114;&#097;n&#x6b;&#x65;&#110;&#046;d&#x65;\">&#x45;&#45;&#x4d;&#x61;&#105;&#x6c;&#x20;<\/a><\/li>\n<\/ul>\n<h4><a name=\"WUE\"><\/a>Kreis W\u00fcrzburg<\/h4>\n<ul>\n<li>Kreisverband W\u00fcrzburg der Gewerkschaft Erziehung und Wissenschaft im DGB<br \/>\nc\/o J\u00f6rg Nellen, GEW-Gesch\u00e4ftsf\u00fchrer<br \/>\nNeutorstra\u00dfe 9<br \/>\n97070 W\u00fcrzburg<br \/>\nT: 0931 29194129<br \/>\n&#106;&#x6f;&#101;&#x72;&#103;&#x2e;&#110;&#x65;&#108;&#x6c;&#101;&#x6e;&#64;&#x67;&#101;&#x77;&#45;&#x75;&#110;&#x74;&#101;&#x72;&#102;&#x72;&#97;&#x6e;k&#x65;n&#x2e;d&#x65;<\/li>\n<li>Vorsitzender: Riccardo Altieri<\/li>\n<li>Stellvertretende Vorsitzende: Freya Altenh\u00f6ner<\/li>\n<li>Schatzmeister: Volkmar Topp<\/li>\n<li>Kassenpr\u00fcferInnen: Hiltrud Eckl und Benno Barky<\/li>\n<li>FG Erwachsenenbildung: Maria Ring<\/li>\n<li>FG Berufsschule \/ FOS \/ BOS: J\u00f6rg Nellen<\/li>\n<li>FG Gymnasien: Sebastian R\u00fcthlein<\/li>\n<li>FG Grund- und Mittelschulen: Angela Berndt<\/li>\n<li>FG Hochschule und Forschung: Benedikt Seger<\/li>\n<li>FG Realschulen: Sebastian Roth<\/li>\n<li>FG Sozialp\u00e4dagogische Berufe: Christian G\u00fcndling<\/li>\n<li>FG Frauen:\u00a0Lore Koerber-Becker, 0931 2054216, <a href=\"&#109;a&#x69;l&#x74;o&#x3a;&#108;&#x6f;&#114;&#x65;&#046;k&#x6f;e&#x72;b&#x65;&#114;&#x2d;&#098;&#x65;&#099;&#x6b;&#101;r&#x40;g&#x6d;x&#x2e;&#100;&#x65;\">E-Ma&#105;&#108;&#32;<\/a><\/li>\n<li>FG Studierende: Daniel Janke<\/li>\n<li>FG DGB: Charlie Radler<\/li>\n<li>Gesundheitsschutzbeauftragte: Petra Gold<\/li>\n<\/ul>\n","protected":false},"excerpt":{"rendered":"<p>Bezirk Ufr|Aschaffenburg-Miltenberg|Main-Spessart|Schweinfurt\/Rh\u00f6n-Grabfeld|W\u00fcrzburg Bezirk Unterfranken Vorsitzende: Monika Hartl, Aschaffenburg, Gesch\u00e4ftsf\u00fchrung: &#8211; komm. J\u00f6rg Nellen, W\u00fcrzburg, 0931 29194129. Kasse: Oliver Glockmann, Kassenpr\u00fcfer: Edgar G\u00fcnther \u00d6ffentlichkeitsarbeit: Ansprechpartner &#8211;&gt; J\u00f6rg Nellen, W\u00fcrzburg, 0931 29194129, Referat Interkulturelle Bildung: Henning Albrecht, FG Grund- u. Mittelschulen: Angela Berndt, FG F\u00f6rderschulen: Monika Hartl, FG Hochschule und Forschung: Benedikt Seger, FG Sozialp\u00e4dagogische Berufe: Michael<\/p><\/div>\n<div class=\"blog-btn\"><a href=\"https:\/\/gew-unterfranken.de\/?page_id=161\" class=\"home-blog-btn\">Weiterlesen<\/a><\/p>\n","protected":false},"author":2,"featured_media":0,"parent":0,"menu_order":0,"comment_status":"closed","ping_status":"closed","template":"","meta":[],"_links":{"self":[{"href":"https:\/\/gew-unterfranken.de\/index.php?rest_route=\/wp\/v2\/pages\/161"}],"collection":[{"href":"https:\/\/gew-unterfranken.de\/index.php?rest_route=\/wp\/v2\/pages"}],"about":[{"href":"https:\/\/gew-unterfranken.de\/index.php?rest_route=\/wp\/v2\/types\/page"}],"author":[{"embeddable":true,"href":"https:\/\/gew-unterfranken.de\/index.php?rest_route=\/wp\/v2\/users\/2"}],"replies":[{"embeddable":true,"href":"https:\/\/gew-unterfranken.de\/index.php?rest_route=%2Fwp%2Fv2%2Fcomments&post=161"}],"version-history":[{"count":23,"href":"https:\/\/gew-unterfranken.de\/index.php?rest_route=\/wp\/v2\/pages\/161\/revisions"}],"predecessor-version":[{"id":40869,"href":"https:\/\/gew-unterfranken.de\/index.php?rest_route=\/wp\/v2\/pages\/161\/revisions\/40869"}],"wp:attachment":[{"href":"https:\/\/gew-unterfranken.de\/index.php?rest_route=%2Fwp%2Fv2%2Fmedia&parent=161"}],"curies":[{"name":"wp","href":"https:\/\/api.w.org\/{rel}","templated":true}]}}

<map name="FPMap0">
<area coords="8, 188, 152, 486" shape="rect" href="#AB-MIL" target="_top" />
<area coords="151, 188, 271, 434" shape="rect" href="#MSP" target="_top" />
<area coords="273, 265, 351, 525" shape="rect" href="#WUE" target="_top" />
<area coords="353, 301, 461, 473" shape="rect" href="#WUE" target="_top" />
<area coords="174, 1, 471, 188" shape="rect" href="#SW" target="_top" />
<area coords="273, 189, 599, 264" shape="rect" href="#SW" target="_top" />
<area coords="352, 265, 568, 300" shape="rect" href="#SW" target="_top" />
<area coords="471, 88, 577, 188" shape="rect" href="#SW" target="_top" />
<area coords="463, 300, 573, 351" shape="rect" href="#SW" target="_top" />
 </map>
<p><img loading="lazy" src="images/ufrgew.jpg" usemap="#FPMap0" width="600" height="526" border="0" /><br />
<a href="#UFR">Bezirk Ufr</a>|<a href="#AB-MIL">Aschaffenburg-Miltenberg</a>|<a href="#MSP">Main-Spessart</a>|<a href="#SW">Schweinfurt/Rhön-Grabfeld</a>|<a href="#WUE">Würzburg</a></p>
<h4><a name="UFR"></a>Bezirk Unterfranken</h4>
<ul>
<li><b>Vorsitzende: </b>Monika Hartl, Aschaffenburg, <a href="&#109;&#x61;&#x69;l&#116;&#x6f;:&#109;&#x6f;&#x6e;&#105;&#x6b;&#x61;&#046;&#104;&#x61;r&#116;&#x6c;&#x40;&#103;&#x65;&#x77;&#046;&#098;&#x61;y&#101;&#x72;&#x6e;">&#69;&#x2d;M&#x61;&#x69;&#108;&#x20;</a></li>
<li><b>Geschäftsführung: </b>&#8211; komm. Jörg Nellen, Würzburg, 0931 29194129. <a href="&#109;&#x61;i&#108;&#x74;o&#058;&#x6a;o&#101;&#x72;g&#046;&#x6e;e&#108;&#x6c;e&#110;&#x40;g&#101;&#x77;-&#117;&#x6e;t&#101;&#x72;f&#114;&#x61;n&#x6b;&#x65;n&#x2e;&#x64;&#101;">&#69;&#x2d;&#77;&#x61;i&#x6c; </a></li>
<li>Kasse: Oliver Glockmann, <a href="&#x6d;&#097;i&#x6c;&#116;&#111;&#x3a;&#x6f;&#108;i&#x76;&#101;r&#x2e;&#x67;&#108;o&#x63;&#107;m&#x61;&#x6e;&#110;&#064;&#x74;&#045;o&#x6e;&#x6c;&#105;n&#x65;&#046;d&#x65;">E&#45;&#x4d;&#x61;i&#108;&#x20;</a></li>
<li>Kassenprüfer: Edgar Günther</li>
<li>Öffentlichkeitsarbeit:<br />
Ansprechpartner &#8211;&gt; Jörg Nellen, Würzburg, 0931 29194129, <a href="&#x6d;&#x61;&#105;&#108;to&#x3a;&#x70;&#x72;&#101;ss&#x65;&#x40;&#x67;&#101;&#119;-&#x75;&#x6e;&#x74;&#101;&#114;f&#x72;&#x61;&#x6e;&#107;&#101;n&#046;&#x64;&#x65;">E-Mail</a></li>
<li>Referat Interkulturelle Bildung: Henning Albrecht, <a href="&#x6d;&#097;&#x69;&#x6c;&#116;&#x6f;&#x3a;&#104;&#x65;&#x6e;&#110;&#x69;&#x6e;g&#x2e;&#x61;l&#x62;&#114;e&#x63;&#104;t&#x40;&#097;l&#x62;&#097;s&#x2e;&#100;e">&#x45;&#x2d;&#x4d;&#x61;&#x69;&#x6c;</a></li>
<li>FG Grund- u. Mittelschulen: Angela Berndt, <a href="mailto&#058;&#097;&#110;&#103;&#101;&#108;&#097;&#x2e;&#x62;&#x65;&#x72;&#x6e;&#x64;&#x74;&#x40;&#x67;&#x6d;&#x78;&#x2e;de">E&#45;&#x4d;&#x61;i&#108;</a></li>
<li>FG Förderschulen: Monika Hartl, <a href="&#x6d;&#097;i&#x6c;&#x74;&#111;:&#x6d;&#x6f;&#110;i&#x6b;&#097;&#046;&#x68;&#x61;&#114;t&#x6c;&#x40;&#103;e&#x77;&#046;&#098;&#x61;&#x79;&#101;r&#x6e;">&#69;&#x2d;&#77;&#x61;&#105;&#x6c;&#32;</a></li>
<li>FG Hochschule und Forschung: Benedikt Seger, <a href="&#x6d;a&#x69;&#108;&#x74;&#111;&#x3a;&#x62;e&#x6e;&#101;&#x64;&#105;&#x6b;&#116;&#046;&#x73;&#101;&#x67;&#101;&#x72;&#064;u&#x6e;&#105;&#x2d;&#119;&#x75;&#101;r&#x7a;b&#x75;&#114;&#x67;&#046;d&#x65;">&#x45;-&#x4d;&#97;&#x69;&#108;</a></li>
<li>FG Sozialpädagogische Berufe: Michael Schindler, <a href="&#109;&#x61;&#105;&#x6c;t&#x6f;:&#109;&#x69;&#099;&#x68;a&#x65;l&#046;&#x73;&#099;&#x68;i&#x6e;d&#108;&#x65;&#114;&#x40;k&#x69;g&#097;&#x2d;&#115;&#x74;-&#x6a;o&#104;&#x61;&#110;&#x6e;e&#x73;-&#107;&#x69;&#116;&#x7a;i&#x6e;g&#101;&#x6e;&#046;&#x64;e">&#x45;&#x2d;&#x4d;&#x61;&#x69;&#x6c;</a></li>
<li>FG Erwachsenenbildung: Maria Ring (Schwerpunkt BaMF- Kurse, DaF- und BVI- Kurse / VHS + freie Träger), <a href="&#109;&#x61;i&#108;&#x74;o&#058;&#x72;i&#x6e;&#x67;&#046;&#x6d;a&#114;&#x69;a&#064;&#x70;o&#x73;&#x74;&#101;&#x6f;&#x2e;&#100;&#x65;">&#x45;-&#x4d;a&#x69;&#108;</a></li>
<li>FG Digitalisierung: Sigrid Schwab, <a href="m&#097;&#105;&#108;&#x74;&#x6f;&#x3a;si&#103;&#050;&#x30;&#x32;&#x32;&#x40;si&#103;&#114;&#x69;&#x64;&#x73;&#x63;h&#119;&#097;&#098;&#x2e;&#x64;&#x65;">&#69;-&#77;a&#105;l</a></li>
</ul>
<h4><a name="AB-MIL"></a>Kreis Aschaffenburg-Miltenberg</h4>
<ul>
<li>Monika Hartl, <a href="&#x6d;a&#x69;&#108;t&#x6f;&#058;&#x6d;&#x6f;n&#x69;&#107;a&#x2e;&#104;&#x61;&#114;t&#x6c;&#064;g&#x65;&#119;&#x2e;&#098;a&#x79;&#101;&#x72;&#x6e;">&#69;&#45;&#x4d;a&#105;&#x6c;</a></li>
</ul>
<h4><a name="MSP"></a>Kreis Main-Spessart</h4>
<ul>
<li>Wolfgang Tröster, 09353 5080242, <a href="m&#097;&#x69;&#x6c;&#x74;o&#058;&#119;&#x2e;&#x74;r&#111;&#101;&#x73;&#x74;er&#064;&#x77;&#x65;&#x62;&#046;&#100;&#x65;">&#x45;&#45;M&#x61;&#105;l&#x20;</a></li>
</ul>
<h4><a name="SW"></a>Kreis Schweinfurt/Rhön-Grabfeld</h4>
<ul>
<li>Karl-Heinz Geuß, 09721 186936, <a href="&#x6d;&#x61;&#105;l&#x74;&#x6f;&#058;&#099;h&#x61;&#x72;&#108;&#105;e&#x40;&#x67;&#101;w-&#x75;&#x6e;&#116;e&#x72;&#x66;&#114;&#097;n&#x6b;&#x65;&#110;&#046;d&#x65;">&#x45;&#45;&#x4d;&#x61;&#105;&#x6c;&#x20;</a></li>
</ul>
<h4><a name="WUE"></a>Kreis Würzburg</h4>
<ul>
<li>Kreisverband Würzburg der Gewerkschaft Erziehung und Wissenschaft im DGB<br />
c/o Jörg Nellen, GEW-Geschäftsführer<br />
Neutorstraße 9<br />
97070 Würzburg<br />
T: 0931 29194129<br />
&#106;&#x6f;&#101;&#x72;&#103;&#x2e;&#110;&#x65;&#108;&#x6c;&#101;&#x6e;&#64;&#x67;&#101;&#x77;&#45;&#x75;&#110;&#x74;&#101;&#x72;&#102;&#x72;&#97;&#x6e;k&#x65;n&#x2e;d&#x65;</li>
<li>Vorsitzender: Riccardo Altieri</li>
<li>Stellvertretende Vorsitzende: Freya Altenhöner</li>
<li>Schatzmeister: Volkmar Topp</li>
<li>KassenprüferInnen: Hiltrud Eckl und Benno Barky</li>
<li>FG Erwachsenenbildung: Maria Ring</li>
<li>FG Berufsschule / FOS / BOS: Jörg Nellen</li>
<li>FG Gymnasien: Sebastian Rüthlein</li>
<li>FG Grund- und Mittelschulen: Angela Berndt</li>
<li>FG Hochschule und Forschung: Benedikt Seger</li>
<li>FG Realschulen: Sebastian Roth</li>
<li>FG Sozialpädagogische Berufe: Christian Gündling</li>
<li>FG Frauen: Lore Koerber-Becker, 0931 2054216, <a href="&#109;a&#x69;l&#x74;o&#x3a;&#108;&#x6f;&#114;&#x65;&#046;k&#x6f;e&#x72;b&#x65;&#114;&#x2d;&#098;&#x65;&#099;&#x6b;&#101;r&#x40;g&#x6d;x&#x2e;&#100;&#x65;">E-Ma&#105;&#108;&#32;</a></li>
<li>FG Studierende: Daniel Janke</li>
<li>FG DGB: Charlie Radler</li>
<li>Gesundheitsschutzbeauftragte: Petra Gold</li>
</ul>

<p>Bezirk Ufr|Aschaffenburg-Miltenberg|Main-Spessart|Schweinfurt/Rhön-Grabfeld|Würzburg Bezirk Unterfranken Vorsitzende: Monika Hartl, Aschaffenburg, Geschäftsführung: &#8211; komm. Jörg Nellen, Würzburg, 0931 29194129. Kasse: Oliver Glockmann, Kassenprüfer: Edgar Günther Öffentlichkeitsarbeit: Ansprechpartner &#8211;&gt; Jörg Nellen, Würzburg, 0931 29194129, Referat Interkulturelle Bildung: Henning Albrecht, FG Grund- u. Mittelschulen: Angela Berndt, FG Förderschulen: Monika Hartl, FG Hochschule und Forschung: Benedikt Seger, FG Sozialpädagogische Berufe: Michael</p></div>
<div class="blog-btn"><a href="https://gew-unterfranken.de/?page_id=161" class="home-blog-btn">Weiterlesen</a></p>
